0 = -2*k - 1455 + 1799. Calculate the highest common divisor of k and 430.
86
Suppose -12*g - 11*g = -2484. Calculate the greatest common divisor of 168 and g.
12
Suppose i = -i. Suppose i*n = -n + 55. Let r = -239 + 250. Calculate the highest common factor of n and r.
11
Suppose -4*t - 5*k + 26 = 0, 0 = -t - 4*t + k + 18. Calculate the greatest common divisor of t and 116.
4
Let i be (-2)/(-5) - (-161)/35. Let d be -1*(-2 + -6)*i. Calculate the highest common divisor of d and 20.
20
Let s be ((-98)/7 - -12)/(2/(-57)). Calculate the highest common divisor of 1197 and s.
57
Suppose 15*s + 30 = 20*s. Let l be ((-39)/6 + s)/((-1)/154). Let n be 10 - (1 - (2 + 0)). What is the highest common divisor of n and l?
11
Suppose -19*o = 7*o - 1352. Calculate the highest common factor of 468 and o.
52
Let h = -825 - -834. Let a = 10 - 7. Calculate the greatest common divisor of h and a.
3
Suppose 3*k + 5*j - 2*j = 21, 3*k - 4*j = -14. Let d be k/8 + (-1751)/(-68). Calculate the highest common divisor of d and 182.
26
Suppose -8112 = -19*m - 7*m. What is the greatest common factor of 48 and m?
24
Let n be (59 - 56)/((-9)/(-219)). What is the greatest common factor of 2336 and n?
73
Suppose 7*h - 2985 = -2873. Calculate the greatest common divisor of h and 32.
16
Let x be 285*(-14)/(-21) + -2 + -1. What is the greatest common factor of 34 and x?
17
Let l = -864 - -1396. Suppose -6*k + l = -2*k. Let m = -15 + 34. Calculate the greatest common factor of k and m.
19
Let m = 239 + -129. Calculate the greatest common factor of m and 10.
10
Suppose -w - 14 = 4*d + w, 2*w - 22 = 2*d. Let k be (11 + 319)*(-4)/d. Calculate the highest common divisor of k and 20.
20
Let a be 9 + -5 - -798 - 2. Calculate the highest common factor of 32 and a.
32
Let c(m) = -28*m - 25. Let p be c(-3). Let u be p + -22 - (2 - 1). Let v be 24/(-7)*(-14)/2. What is the highest common factor of u and v?
12
Suppose 0 = -37*i + 32*i + 5. Calculate the greatest common factor of i and 1.
1
Suppose -4*v - 22 = t - 343, 0 = t + 2*v - 331. What is the greatest common factor of t and 44?
11
Let c = -70 - -72. Let f be (-6)/(c/20 - 21/35). Calculate the greatest common divisor of 96 and f.
12
Suppose 42*n = -22*n + 27776. What is the greatest common divisor of n and 70?
14
Let d(l) = l**3 - 6*l**2 + 24*l - 203. Let h be d(7). Let a = -9 + 3. Let c be ((-28)/a)/((-4)/(-6)). Calculate the greatest common divisor of h and c.
7
Suppose 629 = 10*h + 181 - 432. Suppose 0 = 2*p + 11 + 11. Let x be p*2/(-2)*1. Calculate the highest common factor of x and h.
11
Let d(y) = -y**2 + 8*y - 8. Let q be d(6). Let j be ((6/q)/1)/((-18)/(-24)). Calculate the highest common divisor of j and 18.
2
Let h(r) = -4*r. Let k = -1 + -1. Let t be h(k). Let i = -316 + 372. What is the highest common factor of i and t?
8
Suppose 4*s = 89 - 17. Suppose -s = -7*c + 6*c. Suppose 2*j = c - 4. What is the greatest common divisor of j and 21?
7
Let s = -92 + 92. Suppose -4*n + 17*n - 312 = s. Suppose 2*g = g + 3. Calculate the greatest common factor of n and g.
3
Suppose 4*x - 17 = 2*d - 3, 3*x + d = 3. Suppose -z - x = -10. Calculate the highest common factor of 56 and z.
8
Suppose -j + 42 = -13. Let z = 3 + -2. Let p = 10 + z. Calculate the greatest common factor of j and p.
11
Let n be (-2)/9 - 994/(-18). Let d(b) = 3*b**3 - 14*b**2 + 5*b - 39. Let p be d(5). What is the highest common factor of p and n?
11
Let t be (-10)/25 + -1 + 96/15. Suppose 2*a + t*y + 4 = 18, 5*a - 6 = 2*y. What is the highest common factor of a and 8?
2
Suppose 0 = -r - s + 6, 2*r + 7 = -4*s + 25. Let x(n) = n**2 + n - 4. Let t be x(r). Let v = -1676 + 1677. Calculate the highest common factor of t and v.
1
Let s = -9 - -12. Let f = 388 - 104. Suppose -f = -s*k - 74. What is the greatest common divisor of k and 28?
14
Let o be (0 + (-4)/(-3))/((-32)/(-720)). Suppose -2 = -2*g + 10. Calculate the greatest common divisor of g and o.
6
Suppose -18*v = 14*v - 672. What is the greatest common divisor of 147 and v?
21
Let u(c) = -c**3 + 5*c**2 - 6*c + 8. Let f be u(4). Let m be 12/15 + 3/15 + f. What is the greatest common factor of 8 and m?
1
Suppose -78*f + q = -73*f - 923, -3*q = -f + 193. Calculate the highest common factor of f and 23.
23
Suppose -11*i + 12*i = 10. Let v be (12/i)/(1/210). Calculate the highest common divisor of 36 and v.
36
Let q = 499 - 427. What is the greatest common divisor of q and 36?
36
Suppose -4*c = -1 + 9. Let y be 20*(c + (-43)/(-5)). Let i(m) = -17*m + 794. Let b be i(46). Calculate the highest common divisor of y and b.
12
Suppose 0 = 35*k - 33*k - 76. Let c be (9/(-36))/((-154)/152 - -1). Calculate the greatest common divisor of k and c.
19
Let d(i) = -8*i**2 + 2*i**2 + 41 + 5*i**2 - 16*i. Let z be d(-18). Calculate the highest common divisor of 45 and z.
5
Let u(t) = t**2 - 3*t - 7. Let n be u(5). Let c(p) = -7*p + 4. Let j be c(n). Let f = 11 - j. What is the highest common divisor of f and 4?
4
Let u(i) = -2*i + 6. Let d be u(2). Suppose 0 = 2*q - d - 12. Suppose -q*c + 5*f + 64 = -4*c, 5*c - 98 = 4*f. What is the highest common divisor of c and 18?
18
Suppose 9*j - 182 = 2*j. Calculate the highest common divisor of 442 and j.
26
Let i = -2643 + 2689. Let m(b) = b + 414. Let f be m(0). Calculate the greatest common divisor of i and f.
46
Let o(c) = -8*c - 21. Let k be o(-3). Suppose 8*p - k*p - 350 = 0. What is the greatest common divisor of p and 20?
10
Suppose -2 = l - 56. Suppose -4*m = 5*c - 87, 5*m + 0*c - 2*c = 84. Calculate the highest common divisor of l and m.
18
Let l = 4 - -1. Suppose l + 3 = d. Suppose 0 = -3*o - 0 - 3, 2*h = 2*o + 66. Calculate the highest common divisor of d and h.
8
Let f be (4 + 2)*10/4. Let w be (-16)/(-6) + (-10)/f. Suppose 4*b - w = u + 4*u, 4*u - 23 = -5*b. What is the highest common divisor of 10 and u?
2
Let j = 27 + -24. Suppose 0 = 2*s - 4*v - 26, s + j*v = 2*s - 14. What is the highest common factor of s and 99?
11
Suppose -20*i - 560 = -48*i. Calculate the highest common divisor of i and 10.
10
Let t = 6 - 2. Suppose 0 = -2*g - 0 + t. Let i be (1 - (-3 + -1)) + -4. Calculate the greatest common divisor of i and g.
1
Suppose -2*w + 7*w - 60 = 0. Let d be (-2)/3 + ((-3248)/w)/(-7). Calculate the highest common divisor of d and 95.
19
Let f be 7/(-84) - (-580)/48. Calculate the greatest common factor of f and 348.
12
Let l = 73 - -46. What is the greatest common factor of l and 51?
17
Suppose 30 = 5*l - 1405. Suppose -3*y - 14 = -l. Calculate the greatest common factor of 13 and y.
13
Suppose 0 = -m + 4*m + 3*r + 3, -m + 4*r = 1. Let l be 1 - 27*m/(9/6). What is the highest common factor of 19 and l?
19
Let x(l) = l**2 - 27*l + 27. Let c be x(1). What is the highest common divisor of c and 31?
1
Let r(c) = c**3 + 3*c**2 - 2*c. Let u be r(2). Let a = u + -10. Let z = 0 + 6. Calculate the greatest common factor of z and a.
6
Suppose -1 = -4*p - 9. Let j = -2 - p. Suppose j*u - 4*u = -o + 29, 2*o = u + 23. What is the greatest common divisor of o and 3?
3
Suppose 25*u - 101 = -1. What is the greatest common factor of u and 34?
2
Let b = -62 + 778. Suppose -b = -14*x + 740. What is the highest common factor of x and 8?
8
Let w = -5 - -7. Suppose 0*x = w*x + 2*t + 6, 0 = 4*x - 4*t - 20. Calculate the greatest common factor of 11 and x.
1
Let z(y) = -y + 3. Let i be z(0). Suppose -28 = -5*l - i*n, -4*l = n - 27 - 1. What is the highest common factor of 72 and l?
8
Let s be 430/9 + (-2)/(-9). Let f = 248 + -130. Let x be -2 + f + 3 - -1. What is the greatest common divisor of x and s?
24
Suppose 0 = -2*z + 3*z + 3, 4*z = -5*w - 2. Suppose a = -3*a + w*o + 16, 2*o - 8 = 0. What is the greatest common divisor of a and 24?
6
Suppose 2*k = 3*k + 3. Let t(o) = -o**2 + 49 - 26 - 26 - 8*o. Let q be t(k). Calculate the highest common factor of 12 and q.
12
Let t be ((0 - -2)/(-2))/1. Suppose -14 = 8*w - 6*w - 4*j, 0 = -4*j. Let y be w*(t + 17/(-7)). Calculate the highest common factor of 16 and y.
8
Suppose 0 = -4*g + 3*z + 9, -5*g + 2*z + 11 = -2*z. Let j be g/2*(-92)/(-6). What is the greatest common divisor of j and 23?
23
Suppose -5*y + 6 + 64 = 0. What is the highest common divisor of y and 42?
14
Let o(c) = -c**2 - 1. Let b(a) = 3*a**2 - 13*a + 8. Let q(z) = -b(z) - 6*o(z). Let f be q(